ime factors of l(o)?
3, 5
Let p = 577 + -101. Let f = p + -40. What are the prime factors of f?
2, 109
What are the prime factors of ((-1032)/(-216))/((-3)/(-3429))?
43, 127
Suppose 0 = 2*v, 3*v = q - 352 - 1151. List the prime factors of q.
3, 167
Suppose -43*c + 9 = -249. Suppose 0 = 4*o + 3*v - 1317, c*o = 3*o + 2*v + 1009. List the prime factors of o.
3, 37
Let o(h) = 22*h + 1. Let j be o(2). Let b be (40/6)/(2/j). Let i = 269 - b. List the prime factors of i.
7, 17
Let r(i) = 348*i**2 - 8*i - 9. Suppose -8 = 12*y - 4*y. List the prime factors of r(y).
347
Suppose 0 = -4*i + 10*i - 12. Suppose v - 1 = 4*n - 5, 4*v + i*n - 2 = 0. Suppose v = -4*k + 2*j + 216, 7*k - 2*k = -4*j + 270. What are the prime factors of k?
2, 3
Suppose 7322 = 18*y - 11*y. Let c = -410 + y. What are the prime factors of c?
2, 3, 53
Let x be 128 + -2 + 10 + -4. Let z = x - 126. What are the prime factors of z?
2, 3
Suppose -2*j - 5*b = 52, 4*b + 143 + 21 = -5*j. Let f = j + 38. Suppose 2*r + 5*i = 232, 3*r + f*i + 107 = 4*r. What are the prime factors of r?
3, 37
Suppose 4*d - 2*u - 369 = -3*u, 0 = 5*d - 5*u - 480. Suppose d*r = 88*r + 625. What are the prime factors of r?
5
Let t(a) = 5*a**2 + 29*a + 8694. List the prime factors of t(-74).
2, 4241
Let q(g) = 8*g**2 - 71*g + 62942. What are the prime factors of q(0)?
2, 11, 2861
Let k(m) = 4*m**2 - 10*m - 111. Suppose 8*b - 3*b + 3 = -2*h, h + 3 = -2*b. What are the prime factors of k(h)?
3, 101
Let n = -53 + 56. Suppose -10*u = -n*u. Suppose 3*v - 170 = -4*g + 384, u = 3*g - v - 409. What are the prime factors of g?
137
Suppose 956685 = 63*l - 57*l + 109*l. What are the prime factors of l?
3, 47, 59
What are the prime factors of (161/(-14))/(-23)*(116163 + (-2 - -3))?
2, 113, 257
Suppose -462 = 5*q + 183. Let a = 128 + q. Let i(r) = 258*r**2 + r + 1. What are the prime factors of i(a)?
2, 3, 43
Suppose p = -r - 2*r + 5, -3*p = -15. Suppose r = -13*g + 12*g + 92. List the prime factors of g.
2, 23
Let v = 120949 - 53615. List the prime factors of v.
2, 131, 257
Let n = -25104 - -39846. List the prime factors of n.
2, 3, 7, 13
Let t be (5/5)/(1/4). Let x = 584 + -493. What are the prime factors of (t*x/(-42))/(1/(-3))?
2, 13
List the prime factors of -8 + 1 + 8414/(-8 + 10).
2, 3, 5, 7
Let o = -5 - -7. Let d(p) = p**3 - 1. Let a(g) = g**3 - 2*g**2 + g + 4. Let v(c) = a(c) + 3*d(c). What are the prime factors of v(o)?
3
Suppose 30*y - 3668 = 5752. Let u = y - 112. What are the prime factors of u?
2, 101
Suppose -277*t + 2762545 + 1608792 = 0. What are the prime factors of t?
43, 367
Let a be 3/((-12)/(-8)) + (-2 - -1). Let h = 3 - a. List the prime factors of (h/(-6))/((-2)/318).
53
Suppose 17*b = 15*b - 10. What are the prime factors of b + -2 + (474 - -5)?
2, 59
Let g(p) = 10*p - 8. Let h be 14/(-5 + 1 + 3). Let y be (-3)/(-1)*h/(-6). List the prime factors of g(y).
2, 31
Suppose -10*k = 3*k + 468. List the prime factors of (-2)/(-3)*(-32238)/k.
3, 199
Let k(w) = 4*w**2 + 8*w - 17. Let t be k(12). Let y = -464 + t. Suppose -249 = p - 4*p - 5*v, -2*p + y = -5*v. What are the prime factors of p?
2, 11
Let c(t) = -t + 74. Let p be c(0). Let q = -7360 - -7328. Let r = q + p. List the prime factors of r.
2, 3, 7
Suppose -8*p + 3*p = o - 403, -3*o + p = -1273. Suppose 6*c - o - 897 = 0. List the prime factors of c.
2, 5, 11
Suppose 0 = -68*k + 1878992 + 3617448. List the prime factors of k.
2, 5, 59, 137
Let z(x) = x**2 - 8*x - 144. Let y be z(24). Suppose 2*l - 1964 = -y. What are the prime factors of l?
2, 431
Suppose 3*l - 16976 = o, 0 = -4*l + o + 31844 - 9208. What are the prime factors of l?
2, 5, 283
Let u = 5398 + -2776. Suppose 17*n = 20*n - u. List the prime factors of n.
2, 19, 23
Let x(p) = 4*p - 13. Let r(v) = -18*v + 52. Let d(b) = 6*r(b) + 26*x(b). What are the prime factors of d(-16)?
2, 19
Let o = 454 + 1962. List the prime factors of o.
2, 151
Let r(k) be the first derivative of -k**4/4 - 20*k**3/3 - 19*k**2/2 - 18. Let q be r(-19). Suppose -j - 4*j + 430 = q. List the prime factors of j.
2, 43
Let p(a) = 36*a + 39. Let u = 219 - 214. What are the prime factors of p(u)?
3, 73
Let d(y) = 1914*y + 2571. What are the prime factors of d(7)?
3, 5323
Let r(k) = 36*k + 91. Let s be 147/35*5 + 6/(-1). What are the prime factors of r(s)?
631
Let l(k) = k**2 - 15*k + 56. Let b be l(20). Suppose 14*p - 800 = -b. What are the prime factors of p?
2, 23
What are the prime factors of -10 - (-2719 + (2 - 3))?
2, 5, 271
Let i(y) = -92*y**2 + 9*y - 5. Let u(w) = 23*w**2 - 2*w + 1. Let x be 26/(-91) - 65/(-7). Let q(p) = x*u(p) + 2*i(p). List the prime factors of q(2).
7, 13
Suppose 0 = 17*g - 25*g + 312. Suppose -40*u + g*u + 1754 = -h, 4 = -h. What are the prime factors of u?
2, 5, 7
Let b(x) be the third derivative of x**5/60 - 11*x**4/24 + 541*x**3/3 - 15*x**2 + 7*x. List the prime factors of b(0).
2, 541
Suppose 63*c + 481451 - 1812578 = 0. What are the prime factors of c?
3, 7043
Let m(t) = -t. Let g(j) = -10*j - 4. Let f(q) = 2*g(q) - 18*m(q). Let o be 1 - 5/(-2)*-8. What are the prime factors of f(o)?
2, 3, 5
Let y = -7 - -15. Suppose 2*x = -w - y, 5*w - 4*x = 2*w + 16. Suppose t - 204 = -t - 2*s, w = 4*t - 5*s - 435. List the prime factors of t.
3, 5, 7
Let f(j) = -3*j - 2*j + 20 + 0*j + 4*j. Let z be f(4). Suppose 13*d + 345 = z*d. What are the prime factors of d?
5, 23
Let z(a) = -12*a + 3. Let k be z(4). Let u be (-2646)/675 + -2 + (-144)/(-75). Let b = u - k. What are the prime factors of b?
41
Suppose 3*f = n - 3*n + 28, 0 = 5*f + 5*n - 45. Suppose 7*w = 25 + f. Suppose 2*r + 3*q - 2*q = 247, -625 = -w*r + 5*q. What are the prime factors of r?
2, 31
Let f(l) = -11*l**3 - 2*l**2 + 5*l - 270. Let u(t) = 2*t**3 - t. Let s(g) = -f(g) - 6*u(g). List the prime factors of s(0).
2, 3, 5
What are the prime factors of (14 - (17 - -25))*2910/(-8)?
3, 5, 7, 97
Let k(h) be the third derivative of 7*h**4/8 + h**3/6 + 3*h**2. Let g be k(1). Suppose -m - 3*m = -2*i + g, -12 = -2*i - m. List the prime factors of i.
7
Let g(y) = y**2 + 17*y + 91. Let r be g(-10). Suppose c = 2*w + 588, 2*c + 23*w - 1206 = r*w. What are the prime factors of c?
2, 13, 23
Let j(g) = 150*g + 7 - 19 + 300*g**2 - 305*g**2 + 76*g. List the prime factors of j(43).
461
Let c(o) = -o**3 + 21*o**2 - 39*o + 28. Let d be c(19). Suppose d*y = 308 + 1042. What are the prime factors of y?
2, 3, 5
Suppose -448560 = -13*l + 7*l. List the prime factors of (17/(-7) + 1)/((-120)/l).
2, 5, 89
Suppose -5*o + 12 = 2. Suppose 0 = -2*v - 4, o*j - 3*v + 18 = 6*j. Suppose j*a = 5*a + 251. List the prime factors of a.
251
Let u = -3220 - -8048. What are the prime factors of u?
2, 17, 71
Suppose -1079 + 15479 = 4*a. Suppose -4*u + a = -0*u. List the prime factors of u.
2, 3, 5
Let j = -1451 + 4279. List the prime factors of j.
2, 7, 101
List the prime factors of ((-78022)/84*-18)/((-6)/(-4)).
2, 5573
Suppose 3*v = -6*v + 1512. Let c = 1 + v. List the prime factors of c.
13
Let t = -63 - -188. Let b be t + (4 + -4)/(-2). Suppose 0 = -4*q - q + b. What are the prime factors of q?
5
Let u(z) = -z**3 - 6*z**2 + 5*z - 3. Let a be u(-6). Let k = a + 127. Suppose -2*c - 5*s = -155, 3*c - 81 - k = 4*s. What are the prime factors of c?
5, 13
Let w be 12*(-3 - 65/(-20)). Suppose -2*h = 10, 11 + 14 = 5*y - 4*h. What are the prime factors of 88 - ((4 - (y + w)) + -3)?
7, 13
Let n = 73419 + -43972. List the prime factors of n.
11, 2677
Suppose 5*b = -g + 63 - 16, -17 = -b - 4*g. Let i be (7 + -19)/(4/(-2)). Suppose i*y = b*y - 63. What are the prime factors of y?
3, 7
Suppose 136*j = -76*j + 1289487 + 2339953. List the prime factors of j.
2, 5, 107
Let k be (-18)/48*-2 - 2/(-8). Let x be ((-4 - -2) + k/2)*-18. List the prime factors of (x/18)/((-3)/(-248)).
2, 31
Suppose -8*d + 6*d + f + 44090 = 0, 5*d - 4*f = 110219. What are the prime factors of d?
3, 7349
Suppose 31*f = 146000 + 213321. List the prime factors of f.
67, 173
Let p(g) = g**3 + 6*g**2 + 9*g + 11974. List the prime factors of p(0).
2, 5987
Let l = 14652 - -7039. List the prime factors of l.
109, 199
Let q be (-735)/(-196)*(-8)/(-5). Let s(u) be the third derivative of u**6/120 + u**5/30 + u**4/24 - 19*u**3/6 - 14*u**2. List the prime factors of s(q).
5, 11
Suppose 3*g - 111657 = -4*v, 54*v - 50*v - 111639 = 3*g. What